prime number?
False
Is 5509 composite?
True
Is 587 composite?
False
Is 26759 a composite number?
False
Is 60509 a composite number?
False
Is 6497 prime?
False
Is 1829293 prime?
True
Is 529 composite?
True
Is 264977 a prime number?
True
Is 5998 a composite number?
True
Is 14513 composite?
True
Is 135151 a composite number?
False
Is 22229 composite?
False
Is 28429 composite?
False
Is 175577 composite?
True
Is 179731 a prime number?
False
Is 3863 prime?
True
Is 179497 a composite number?
False
Is 1053737 a prime number?
True
Is 28011 a composite number?
True
Is 557879 a prime number?
False
Is 467765 prime?
False
Is 55147 composite?
False
Is 13571 composite?
True
Is 787217 a prime number?
True
Is 37061 a prime number?
True
Is 117809 a composite number?
False
Is 14221 a prime number?
True
Is 951047 a prime number?
True
Is 18947 a composite number?
False
Is 64187 a prime number?
True
Is 127231 prime?
False
Is 21779 a composite number?
True
Is 20611 composite?
False
Is 107441 prime?
True
Is 30617 composite?
True
Is 451381 prime?
False
Is 135053 composite?
True
Is 29621 prime?
False
Is 11731 a composite number?
False
Is 923269 a composite number?
True
Is 30757 prime?
True
Is 14143 composite?
False
Is 23347 prime?
False
Is 120799 a composite number?
True
Is 45119 prime?
True
Is 47003 a prime number?
False
Is 12686 composite?
True
Is 6442 a composite number?
True
Is 2767 composite?
False
Is 21361 prime?
False
Is 907 composite?
False
Is 23179 a prime number?
False
Is 17539 composite?
False
Is 2551 a prime number?
True
Is 349903 prime?
True
Is 26183 a composite number?
False
Is 52637 a composite number?
True
Is 877 a composite number?
False
Is 3163 a composite number?
False
Is 1619 prime?
True
Is 2767 composite?
False
Is 2413 composite?
True
Is 30347 a prime number?
True
Is 113437 a prime number?
True
Is 485221 composite?
True
Is 13274 a prime number?
False
Is 13193 composite?
True
Is 2099 a composite number?
False
Is 22205 a composite number?
True
Is 14447 a composite number?
False
Is 1317559 composite?
True
Is 1171301 a prime number?
True
Is 202838 a prime number?
False
Is 40121 composite?
True
Is 727527 a composite number?
True
Is 127787 a composite number?
True
Is 376765 a prime number?
False
Is 873209 a prime number?
True
Is 1218901 a prime number?
True
Is 84659 prime?
True
Is 2445517 a prime number?
True
Is 5539 composite?
True
Is 38887 composite?
True
Is 424523 prime?
False
Is 8603 a composite number?
True
Is 34913 prime?
True
Is 126626 composite?
True
Is 206841 prime?
False
Is 62386 a prime number?
False
Is 141883 composite?
True
Is 519889 prime?
True
Is 5663 composite?
True
Is 13019 a composite number?
True
Is 7349 composite?
False
Is 437015 composite?
True
Is 361019 composite?
True
Is 30329 a prime number?
False
Is 81799 composite?
False
Is 8053 a prime number?
True
Is 157835 prime?
False
Is 375659 composite?
True
Is 285071 a prime number?
True
Is 398389 prime?
False
Is 411899 composite?
True
Is 60037 a prime number?
True
Is 53121 a composite number?
True
Is 5707 composite?
True
Is 11857 prime?
False
Is 190511 a prime number?
False
Is 379 composite?
False
Is 105267 composite?
True
Is 48851 a composite number?
True
Is 160837 a composite number?
True
Is 379565 a composite number?
True
Is 48173 a composite number?
True
Is 393343 a prime number?
False
Is 58885 prime?
False
Is 21929 a composite number?
False
Is 248059 prime?
False
Is 147097 a composite number?
False
Is 174673 a composite number?
False
Is 171073 prime?
False
Is 3778 composite?
True
Is 703585 a prime number?
False
Is 1481 composite?
False
Is 3989 prime?
True
Is 192529 composite?
False
Is 943 composite?
True
Is 212203 prime?
True
Is 2408389 a composite number?
False
Is 10001 a composite number?
True
Is 156665 prime?
False
Is 25709 a prime number?
False
Is 3777245 a prime number?
False
Is 42191 prime?
False
Is 427423 composite?
False
Is 7607 composite?
False
Is 26641 composite?
False
Is 440845 a prime number?
False
Is 27611 composite?
False
Is 1432765 a composite number?
True
Is 6914 a composite number?
True
Is 52697 composite?
False
Is 6349 prime?
False
Is 10559 a composite number?
False
Is 93865 a prime number?
False
Is 902033 a composite number?
True
Is 66733 composite?
False
Is 445069 composite?
False
Is 7563 prime?
False
Is 4121 prime?
False
Is 2137669 a prime number?
True
Is 32749 prime?
True
Is 196799 prime?
True
Is 819023 composite?
True
Is 258913 a composite number?
True
Is 471013 prime?
False
Is 117281 composite?
False
Is 916501 a composite number?
False
Is 821 a prime number?
True
Is 786965 composite?
True
Is 352993 composite?
True
Is 6113 composite?
False
Is 124835 a composite number?
True
Is 115727 a prime number?
True
Is 167605 a composite number?
True
Is 92951 a prime number?
True
Is 20779 composite?
True
Is 278321 prime?
True
Is 27689 a prime number?
True
Is 13891 composite?
True
Is 74123 prime?
False
Is 56237 prime?
True
Is 6497 prime?
False
Is 13443 a prime number?
False
Is 494009 composite?
True
Is 292157 a composite number?
False
Is 21769 prime?
False
Is 1241 a composite number?
True
Is 11878 a composite number?
True
Is 4547 composite?
False
Is 86321 prime?
False
Is 18118 composite?
True
Is 1737161 prime?
True
Is 467455 a prime number?
False
Is 753917 prime?
False
Is 32407 a prime number?
False
Is 120202 a composite number?
True
Is 2631 prime?
False
Is 18211 prime?
True
Is 109987 prime?
True
Is 398603 a prime number?
False
Is 11047 prime?
True
Is 9811 a composite number?
False
Is 3103147 composite?
False
Is 55291 a composite number?
False
Is 79019 prime?
False
Is 26507 composite?
True
Is 107897 composite?
False
Is 2657 composite?
False
Is 14793 a composite number?
True
Is 15709 a prime number?
False
Is 2749 prime?
True
Is 1091917 composite?
False
Is 138739 a prime number?
True
Is 53479 a prime number?
True
Is 59434 prime?
False
Is 859 prime?
True
Is 44369 prime?
False
Is 1799041 a composite number?
False
Is 242717 prime?
False
Is 50929 prime?
True
Is 180877 a composite number?
True
Is 321947 a prime number?
True
Is 131431 composite?
False
Is 1262501 prime?
False
Is 618433 a prime number?
False
Is 2434777 a prime number?
False
Is 5645 a prime number?
False
Is 1305295 composite?
True
Is 210481 a composite number?
False
Is 6469 composite?
False
Is 4963 a composite number?
True
Is 70607 a prime number?
True
Is 27139 a composite number?
True
Is 127 a composite number?
False
Is 736511 prime?
True
Is 9643 composite?
False
Is 318979 composite?
False
Is 27941 prime?
True
Is 920083 a composite number?
True
Is 18977 composite?
True
Is 31751 a composite number?
False
Is 1268367 a composite number?
True
Is 49949 composite?
True
Is 62383 composite?
False
Is 28957 a prime number?
False
Is 16547 composite?
False
Is 922601 a prime number?
True
Is 38401 composite?
True
Is 54719 a prime number?
False
Is 213143 prime?
False
Is 264553 a prime number?
True
Is 1921 prime?
False
Is 61823 a composite number?
True
Is 74441 composite?
False
Is 49963 a prime number?
False
Is 10667 a composite number?
False
Is 7591 a prime number?
True
Is 845211 a composite number?
True
Is 15569 prime?
True
Is 23239 a prime number?
False
Is 554207 a composite number?
False
Is 950729 prime?
False
Is 9223 prime?
False
Is 1987 composite?
False
Is 557545 composite?
True
Is 257 composite?
False
Is 607619 composite?
False
Is 10061 a composite number?
False
Is 149585 prime?
False
Is 322319 a composite number?
False
Is 31585 a composite number?
True
Is 14923 composite?
False
Is 547021 a prime number?
True
Is 156217 composite?
False
Is 8581 a prime number?
True
Is 774901 composite?
False
Is 459053 a composite number?
True
Is 65477 a prime number?
False
Is 51767 a composite number?
False
Is 16877 composite?
True
Is 89617 prime?
False
Is 469555 composite?
True
Is 2411 prime?
True
Is 51001 a composite number?
False
Is 976279 prime?
True
Is 18839 a prime number?
True
Is 54719 a composite number?
True
Is 456439 a prime number?
True
Is 1472441 a prime number?
True
Is 415061 a prime number?
True
Is 76019 a composite number?
True
Is 90973 a prime number?
False
Is 15541 a composite number?
False
Is 556007 a composite number?
False
Is 449513 a prime number?
False
Is 10007 a composite number?
False
Is 2568523 a prime number?
Tr